culate the remainder when 32315 is divided by 243.
239
Calculate the remainder when 250 is divided by 49.
5
Calculate the remainder when 319 is divided by 162.
157
What is the remainder when 1843 is divided by 56?
51
What is the remainder when 94 is divided by 45?
4
What is the remainder when 1669 is divided by 801?
67
Calculate the remainder when 376 is divided by 95.
91
Calculate the remainder when 3170 is divided by 11.
2
What is the remainder when 1032 is divided by 45?
42
Calculate the remainder when 2887 is divided by 69.
58
What is the remainder when 60 is divided by 4?
0
What is the remainder when 2036 is divided by 62?
52
What is the remainder when 412 is divided by 18?
16
What is the remainder when 5224 is divided by 67?
65
Calculate the remainder when 110 is divided by 9.
2
Calculate the remainder when 3147 is divided by 14.
11
What is the remainder when 2569 is divided by 258?
247
Calculate the remainder when 62 is divided by 24.
14
What is the remainder when 205 is divided by 105?
100
Calculate the remainder when 971 is divided by 319.
14
What is the remainder when 56 is divided by 22?
12
What is the remainder when 16631 is divided by 216?
215
What is the remainder when 260 is divided by 52?
0
What is the remainder when 323 is divided by 57?
38
Calculate the remainder when 39054 is divided by 535.
534
Calculate the remainder when 161 is divided by 29.
16
What is the remainder when 57 is divided by 30?
27
Calculate the remainder when 167 is divided by 17.
14
Calculate the remainder when 1823 is divided by 45.
23
What is the remainder when 66 is divided by 16?
2
Calculate the remainder when 507 is divided by 86.
77
Calculate the remainder when 264 is divided by 264.
0
What is the remainder when 731 is divided by 89?
19
Calculate the remainder when 855 is divided by 107.
106
Calculate the remainder when 234 is divided by 118.
116
Calculate the remainder when 51 is divided by 17.
0
What is the remainder when 2356 is divided by 9?
7
What is the remainder when 1783 is divided by 15?
13
Calculate the remainder when 123 is divided by 43.
37
What is the remainder when 59 is divided by 7?
3
What is the remainder when 69 is divided by 7?
6
Calculate the remainder when 83 is divided by 6.
5
Calculate the remainder when 654 is divided by 60.
54
What is the remainder when 7525 is divided by 39?
37
Calculate the remainder when 194 is divided by 5.
4
Calculate the remainder when 30 is divided by 13.
4
What is the remainder when 165 is divided by 84?
81
What is the remainder when 120 is divided by 61?
59
Calculate the remainder when 2804 is divided by 351.
347
Calculate the remainder when 461 is divided by 37.
17
Calculate the remainder when 746 is divided by 107.
104
Calculate the remainder when 407 is divided by 78.
17
What is the remainder when 95 is divided by 18?
5
What is the remainder when 3507 is divided by 117?
114
Calculate the remainder when 11876 is divided by 66.
62
What is the remainder when 607 is divided by 29?
27
What is the remainder when 229 is divided by 58?
55
What is the remainder when 350 is divided by 60?
50
Calculate the remainder when 306 is divided by 64.
50
What is the remainder when 3705 is divided by 17?
16
Calculate the remainder when 119 is divided by 32.
23
What is the remainder when 8339 is divided by 26?
19
What is the remainder when 64 is divided by 19?
7
Calculate the remainder when 490 is divided by 62.
56
What is the remainder when 11449 is divided by 11?
9
What is the remainder when 1183 is divided by 27?
22
Calculate the remainder when 204 is divided by 53.
45
What is the remainder when 493 is divided by 34?
17
What is the remainder when 28780 is divided by 123?
121
Calculate the remainder when 258 is divided by 86.
0
What is the remainder when 629 is divided by 92?
77
Calculate the remainder when 814 is divided by 265.
19
Calculate the remainder when 11682 is divided by 205.
202
What is the remainder when 737 is divided by 21?
2
Calculate the remainder when 2707 is divided by 10.
7
Calculate the remainder when 182 is divided by 60.
2
What is the remainder when 307 is divided by 1?
0
What is the remainder when 2710 is divided by 40?
30
What is the remainder when 3386 is divided by 22?
20
Calculate the remainder when 378 is divided by 76.
74
Calculate the remainder when 5719 is divided by 204.
7
Calculate the remainder when 222 is divided by 38.
32
What is the remainder when 6675 is divided by 17?
11
What is the remainder when 1709 is divided by 16?
13
Calculate the remainder when 159 is divided by 14.
5
What is the remainder when 1679 is divided by 4?
3
Calculate the remainder when 668 is divided by 186.
110
What is the remainder when 624 is divided by 112?
64
What is the remainder when 3230 is divided by 230?
10
Calculate the remainder when 2867 is divided by 10.
7
What is the remainder when 288 is divided by 130?
28
What is the remainder when 234 is divided by 63?
45
Calculate the remainder when 51 is divided by 49.
2
Calculate the remainder when 2507 is divided by 45.
32
What is the remainder when 993 is divided by 229?
77
Calculate the remainder when 1681 is divided by 341.
317
What is the remainder when 3104 is divided by 9?
8
What is the remainder when 209 is divided by 53?
50
What is the remainder when 2661 is divided by 22?
21
Calculate the remainder when 1436 is divided by 19.
11
What is the remainder when 505 is divided by 51?
46
What is the remainder when 75 is divided by 10?
5
Calculate the remainder when 90 is divided by 11.
2
Calculate the remainder when 247 is divided by 25.
22
What is the remainder when 138 is divided by 39?
21
What is the remainder when 4667 is divided by 73?
68
What is the remainder when 171 is divided by 2?
1
Calculate the remainder when 79 is divided by 15.
4
What is the remainder when 1241 is divided by 104?
97
What is the remainder when 1208 is divided by 1195?
13
What is the remainder when 82 is divided by 39?
4
What is the remainder when 479 is divided by 22?
17
What is the remainder when 2725 is divided by 39?
34
Calculate the remainder when 219 is divided by 126.
93
Calculate the remainder when 296 is divided by 27.
26
Calculate the remainder when 1957 is divided by 1945.
12
What is the remainder when 99 is divided by 7?
1
What is the remainder when 87 is divided by 9?
6
Calculate the remainder when 1317 is divided by 641.
35
What is the remainder when 237 is divided by 37?
15
Calculate the remainder when 105 is divided by 9.
6
What is the remainder when 33 is divided by 19?
14
Calculate the remainder when 1248 is divided by 38.
32
What is the remainder when 807 is divided by 133?
9
Calculate the remainder when 346 is divided by 71.
62
Calculate the remainder when 1187 is divided by 70.
67
Calculate the remainder when 482 is divided by 69.
68
What is the remainder when 767 is divided by 110?
107
Calculate the remainder when 3480 is divided by 129.
126
What is the remainder when 625 is divided by 159?
148
Calculate the remainder when 156 is divided by 43.
27
What is the remainder when 3556 is divided by 128?
100
What is the remainder when 240 is divided by 148?
92
Calculate the remainder when 163 is divided by 41.
40
What is the remainder when 4596 is divided by 9?
6
Calculate the remainder when 396 is divided by 73.
31
What is the remainder when 202 is divided by 42?
34
Calculate the remainder when 110 is divided by 7.
5
What is the remainder when 5641 is divided by 20?
1
What is the remainder when 75 is divided by 24?
3
Calculate the remainder when 52 is divided by 32.
20
What is the remainder when 66 is divided by 21?
3
Calculate the remainder when 176 is divided by 65.
46
Calculate the remainder when 44 is divided by 9.
8
What is the remainder when 41 is divided by 23?
18
Calculate the remainder when 65 is divided by 33.
32
Calculate the remainder when 4154 is divided by 3.
2
What is the remainder when 163 is divided by 82?
81
Calculate the remainder when 181 is divided by 67.
47
What is the remainder when 6365 is divided by 27?
20
What is the remainder when 2502 is divided by 167?
164
Calculate the remainder when 275 is divided by 87.
14
Calculate the remainder when 94 is divided by 88.
6
What is the remainder when 358 is divided by 3?
1
Calculate the rema